x + 7. Let p = 4251 + -4252. Calculate z(p).
9
Let x(o) = 3*o**3 + o**2 - 3*o + 2. Let u be ((-7)/(-245)*-21)/(1 - 16/10). What is x(u)?
3
Let b(n) = 2*n**2 - 3. Suppose -14*u + 11*u - 15 = 0, 4*u + 50 = 5*w. Suppose 2*j + w*j + 24 = 0. Calculate b(j).
15
Suppose o + 2 = -1. Let p be 30/8 + o/(-12). Let n(z) be the third derivative of z**4/12 - z**3/6 + 12653*z**2 - z. What is n(p)?
7
Suppose -154*h + 77 + 171 = -30*h. Let b(x) = 8*x + 5. What is b(h)?
21
Let i(t) be the first derivative of -t**4/4 - 3*t**3 + 11*t**2/2 + 12*t - 31. Let c be i(-10). Let k(p) = 28*p**2 - p**3 + p + 6*p - 34*p**c. Give k(-7).
0
Let v(a) = a - 17. Let y(n) = n. Let p(d) = -2*v(d) + y(d). Determine p(32).
2
Suppose f - 9 = -3*o, 4*f + 0*o + 5*o - 29 = 0. Suppose -3*b = -4*i + 10, b - 3*i = -i - f. Let r(p) = 30 + 26 + 9*p**b - 57 + 7*p**2 + 2*p. Give r(1).
17
Let p(q) be the third derivative of q**4/24 + 7*q**3/6 + 654*q**2 - 3. Suppose j + 2*j = 0. Determine p(j).
7
Let p(s) = 41 - 54 - 4*s + 33 + 13*s. What is p(-8)?
-52
Let y be (-7 + 152/24)/(1/(-3)). Suppose -3 = 3*x - 9. Let g(m) = -7*m**3 + 3*m**y - 4*m**3 + 0*m**x - 4*m**2. What is g(-1)?
10
Let p(b) = 5*b**3 + 18*b**2 - 33*b + 23. Let c(y) = 28*y**3 + 90*y**2 - 165*y + 115. Let g(r) = 2*c(r) - 11*p(r). Give g(16).
-7
Suppose -4*t - 4 = 0, -4021*w + 65 = -4025*w - t. Let a(q) = -q**2 - 19*q - 57. Calculate a(w).
-9
Let f(q) = 17*q + 1. Let n(t) = -4*t + 130. Let x be n(10). Suppose 18 = 72*k - x*k. What is f(k)?
-16
Let s(j) = 6*j. Suppose 7*q = 7*q + 5*q. Suppose -2*t + 4 = 3*d - 23, q = 3*t - 4*d - 66. Let l be -1*(6 + -2)*t/(-72). What is s(l)?
6
Let o be ((-1)/(-3))/((-5643)/(-810) + -7). Let k(b) = -10*b - 91. Calculate k(o).
9
Let p(m) = -m**3 - 6*m**2 - 6*m + 2. Let x(n) = n**2 + 24*n + 54. Let d be x(-18). Let i be ((-3)/(-2))/(d/180). Calculate p(i).
7
Let m(f) be the second derivative of f**6/360 + 3*f**5/40 + f**4/4 + 11*f**3/2 - 38*f. Let h(o) be the second derivative of m(o). What is h(-7)?
-8
Let y(w) = -3*w**2 + 20*w - 7. Let r(u) = u**2 - 6*u + 4. Let f(p) = 7*r(p) + 2*y(p). Determine f(0).
14
Let l(i) be the second derivative of i**4/6 + i**3/2 - 38*i**2 - 18*i - 2. Calculate l(0).
-76
Let b(a) = -12 + 517*a - 864*a + 344*a. What is b(-7)?
9
Let o be (-158)/(-6)*(-2)/(-4) + 4/(-24). Let f(w) = 2*w - 8. Determine f(o).
18
Let g(y) = 17*y - 2*y**2 + 2*y - y**2. Let h be g(6). Let j(k) = -h*k - 3*k**3 + 3 - 2*k**2 + 2*k**3 - k**3 + 3*k**3. Calculate j(4).
11
Suppose -68 + 27 = -g. Suppose g - 13 = 14*m. Let c(k) be the second derivative of -k**4/6 + k**3/3 + k**2 - 2*k. Determine c(m).
-2
Let a(q) be the third derivative of -q**6/120 - q**5/15 - q**3/6 + 105*q**2. Let u be a(-4). Let n(p) = -5*p**3 - p**2 - 2*p - 1. What is n(u)?
5
Let z(q) = 4*q + 109. Let c be z(-24). Let a(n) = 2*n**3 - 26*n**2 - 2*n + 19. Let v be a(c). Let b(x) = -x**2 - 6*x + 10. Calculate b(v).
3
Let k(l) = -23*l + 260. Suppose 55*z - b = 56*z - 17, z - 29 = -3*b. What is k(z)?
7
Suppose -2*v = 8*v. Suppose 37 = 2*k - 5*m, -5*k + 2*m + v*m = -82. Suppose l = 4*u + u - 20, -3*u - k = 5*l. Let s(w) = w - 1. Calculate s(u).
2
Let v(s) = -5*s**2 - 4*s + 1. Suppose -32*p - 29*p + 20 = -66*p. Determine v(p).
-63
Let b(a) = -a**2 - 6*a - 5. Suppose 0 = -l + 5*m + 20, 3*l - 62 + 2 = m. Suppose -l = -20*p + 24*p, 5*u - 2*p + 25 = 0. Determine b(u).
-12
Suppose -16 = -c - 2*y, -4*c + 5*y + 0*y = 1. Let a(s) be the first derivative of 4*s**2 - 1/4*s**4 - 3 - 6*s + 5/3*s**3. Give a(c).
6
Let j = -334 - -338. Let v(g) = 104 - 101 + j*g**2 - 2*g**3 - 5*g**2. What is v(-3)?
48
Suppose -27*x + 37*x = 10. Let d(b) = b**3 + 8*b**2 + 11. Let r(m) = m**2 + 2. Let k(s) = x*d(s) - 6*r(s). Determine k(-4).
-33
Let u(q) = 2*q**2 + 5*q + 15. Let h(n) = -n**2 + n - 4. Let b(k) = 3*h(k) + u(k). Give b(7).
10
Let j(o) = -4*o**2 + 3*o - 18. Let i(g) = 3*g**2 - 2*g + 12. Let x(d) = -11*i(d) - 8*j(d). Determine x(4).
-12
Let t(v) = -v**3 + 51*v**2 - 154*v + 488. Let g be t(48). Let n(b) = -7*b - 8. Let u(p) = 15*p + 17. Let z(q) = -13*n(q) - 6*u(q). Give z(g).
10
Let m(b) = -6*b + 3. Let k(h) = -17*h + 10. Let i(y) = 4*k(y) - 11*m(y). Let o(u) = 7*u + 36. Let v be o(-13). Let r = -61 - v. What is i(r)?
19
Let f(p) = 3*p - 2. Let j be f(2). Let d(n) = 2*n + 2. Let w(c) = -17*c - 6. Let l(k) = -7*d(k) - w(k). Calculate l(j).
4
Let a = 442 + -441. Let l(c) be the third derivative of 11*c**6/120 + c**5/30 - c**4/12 + c**3/6 - 3*c**2. What is l(a)?
12
Let s(k) be the second derivative of -1/3*k**3 + 13 - k + 7/2*k**2. Determine s(5).
-3
Let o = -20 + 30. Let g be (o/(-6))/(2/(-6)). Let d(m) = -g*m - 1 + 0*m - 3*m + 4*m. Calculate d(1).
-5
Let b(h) = -h**2 + h. Let p(t) = -2*t**2 - 2*t - 3. Suppose -r - 5 = 4*z - z, 4*z - r = -16. Let q(s) = z*b(s) + p(s). Calculate q(4).
-7
Let o(z) = 4*z**2 + 19 - 34392*z - 3*z**2 + 68785*z - 34398*z. What is o(0)?
19
Suppose 27*w + 143*w = 45*w - 2500. Let d(g) = -g**3 - 20*g**2 + 5*g + 89. Calculate d(w).
-11
Let z(f) = -f**2 + 3. Suppose 40*w - 376 = 44*w. Let n = 91 + w. Determine z(n).
-6
Let o(m) = -m**2 - 24*m - 123. Let u be o(-8). Let x(r) = r**3 - 5*r**2 + 5. Calculate x(u).
5
Suppose 55*c - 59 = 9 - 13. Let u(w) = 54*w**3 + w**2 - 2*w + 1. Calculate u(c).
54
Let b(f) = 18*f**2 + 361*f - 178*f - 19*f**2 - 177*f - 19. Determine b(8).
-35
Let n(l) = -10*l - 8*l - 45 + 46 + 19*l. Suppose -5*a - 1 = 4, 0 = -5*d - a - 1. Suppose -3*h + h - 8 = d. Give n(h).
-3
Let d(i) = -i**2 + 4*i + 16. Let t = -7169 + 7166. Calculate d(t).
-5
Let t(q) be the second derivative of q**4/12 - 7*q**3/3 + 28*q**2 + 1615*q. Give t(10).
16
Let j(b) = b**3 - 19*b - 3. Suppose 3*o - 2*r + 53 - 57 = 0, 32 = -4*r. What is j(o)?
9
Suppose -46*g + 4582 = -17*g. Let u = g + -162. Let s(h) = h**3 + 4*h**2 + 2*h + 3. Calculate s(u).
-5
Suppose -605*g = -606*g + 2. Suppose r - 1 = -g*a + 7, r - 16 = -4*a. Let d(n) = -n**2 + n - 23. Calculate d(r).
-23
Let w(r) = 12*r**2 + 4*r + 5. Let c = -3377 + 3376. Give w(c).
13
Suppose -34*p = -5*p + 87. Let h(t) = 14*t**3 + 1 + 3*t**2 - 4*t - 13*t**3 + 3*t. Determine h(p).
4
Let m(i) be the first derivative of -i**3/3 - 3*i**2/2 + 5*i + 7. Let q be -1 + (-5 - -13) + -12 - -2. Determine m(q).
5
Let w(l) = 22*l**3 - 35*l**2 - 27*l - 143. Let c(n) = -5*n**3 + 9*n**2 + 7*n + 36. Let q(h) = -9*c(h) - 2*w(h). What is q(12)?
-2
Suppose 3*l - 4 = -5*b - 15, -2*b + 3*l = -4. Let k be (0 + 1)/((-9)/(-6) + b). Suppose 3 = -2*w - 3*r, -k*r + 0*r = 6. Let h(m) = 2*m**2 - 3*m. What is h(w)?
9
Let c(r) be the first derivative of -16*r - 1/4*r**4 - 4*r**3 - 59 + 6*r**2. What is c(-13)?
-3
Let m(t) = 10*t**2 - 177*t + 4. Let n(a) = -79*a**2 + 1357*a - 31. Let o(c) = 23*m(c) + 3*n(c). Suppose -18 = -y - y - 4*u, 4*y - 4*u + 24 = 0. Calculate o(y).
-8
Let r(c) be the first derivative of c**3/3 + 3*c**2/2 - 7*c + 159. Suppose -t + 0*t = 6. Give r(t).
11
Suppose 32 = 4*p + 4*t, p + 2*t = -2*t + 20. Let z(s) = 15*s - 8*s + 4*s**2 - p*s. Calculate z(-3).
27
Suppose -7*t + 61 = 52*t - 116. Let f(i) be the third derivative of 0 + 0*i + 7*i**2 + 1/6*i**4 + 1/6*i**t - 1/60*i**5. Calculate f(3).
4
Let j = -24 - -21. Let k(n) = -7*n**3 - 7*n**2 + 7*n + 9. Let a(u) = -u**3 - 8 + 2*u - 4*u + 6*u**2 + 7*u**3 - 4*u. Let c(v) = -6*a(v) - 5*k(v). Calculate c(j).
18
Suppose 0 = -5*z + 33 - 3. Let g(q) = 0*q**2 + 46*q - 29*q + z - 26*q - q**2. What is g(-10)?
-4
Let p(b) be the second derivative of 1/6*b**3 - 3*b**2 - 189*b + 0. Determine p(-6).
-12
Let z(i) be the first derivative of 3*i**2 - 6*i + 34. Let t be z(1). Let h(y) = 4*y + 3. Let w(k) = 5*k + 4. Let c(r) = -4*h(r) + 3*w(r). Calculate c(t).
0
Let k(i) = 11*i**3 - i**2 + 10*i + 4. Let y(s) = 42*s**3 - 4*s**2 + 40*s + 16. Let u(x) = -23*k(x) + 6*y(x). What is u(-5)?
54
Let m(u) = 11*u + 2. Let t(z) = 21*z - 12. Let n(y) = 2*m(y) - t(y). What is n(-11)?
5
Let f(g) = -g**3 - 21*g**2 - 21*g - 4. Suppose 2*v + 36 = 3*k + 11, -4*v - 4*k = 100. Give f(v).
16
Let b(g) = -g**2 - 4*g + 149. Let j be b(-14). Let w(y) = y + 20. Give w(j).
29
Let n(l) = 2*l**2 - 12*l + 4. Let t = 1156 + -1151. What is n(t)?
-6
Let z be ((-48)/30)/((-3)/(-15)). Let t(k) = -4 + 8989*k**2 - 17980*k**2 + 8990*k**2 - 11*k. What is t(z)?
20
Let r = -2 + 5. Suppose 12*u - 17*u = -20. Let a(f) = -124 + f**3 + 0*f**3 